s 131 - (-3)/(y/6) a composite number?
True
Let c = -336 - -582. Suppose 2*r = -d + r + c, 989 = 4*d + 3*r. Is d a composite number?
False
Let q(d) be the third derivative of 21*d**5/10 + d**4/8 - 2*d**2. Let g be q(3). Is (1/3)/(3/g) composite?
False
Suppose -3333 = 37*i - 40*i. Is i prime?
False
Let t = -378 - -647. Is t prime?
True
Let o be 10/(-4)*12/(-15). Suppose -o*q + 14 = -4*h + 162, 0 = -h + 4*q + 37. Is h a prime number?
True
Let u = -7 - -9. Let a(v) = 57*v + 1. Is a(u) a prime number?
False
Let z be (-1)/(-5) + (-48)/(-10). Suppose -z*m = -2*j + 4*j, -5*m + 2*j = 0. Suppose m*r = 5*r - 190. Is r a composite number?
True
Is 590/(1 - -2 - 2) - 4 a prime number?
False
Suppose -8 = -p - 3*p. Suppose -5*h + 157 = -p*i, 46 = 2*h - 3*i - 19. Is h composite?
False
Suppose -26*p + 633 = -25*p. Suppose 6*x - p = 3*x. Is x a composite number?
False
Suppose 27*f - 23*f - 21092 = 0. Suppose -5*m + p = -f, 4*m + 0*p - 4224 = -2*p. Is m prime?
False
Let i = -79 - -129. Let q = i - 19. Is q prime?
True
Is 39/3*39 + -4 a composite number?
False
Suppose -5*p + 3437 - 772 = 0. Is p composite?
True
Let l(p) = -3*p - 4. Let t be l(4). Let c be t/6*(-1 + 10). Let q = 23 - c. Is q a composite number?
False
Suppose 67 = -5*v - 0*s - 2*s, 0 = 5*s + 5. Let b = v + 32. Is b prime?
True
Is 1409/7 - 4/14 a composite number?
True
Suppose -5*m = 716 - 2211. Is m prime?
False
Suppose 0 = -6*h + 3*h + 561. Is h prime?
False
Let q be (-2 + 0)*84/(-8). Suppose s + 2*p = -p - 2, 2*s = 2*p + 20. Is (-2)/s - (-447)/q prime?
False
Let j(y) = -2*y**3 + 4*y**2 + 7*y + 2. Let x be 0 - (0 - (-5)/1). Let z be j(x). Suppose z - 87 = 5*h. Is h a composite number?
True
Let h = 3 - 6. Let d = h + 4. Suppose -u + d = -2. Is u composite?
False
Let z be (-7)/14 + 1/(-2). Let k(p) = -4*p - 1. Let o be k(z). Suppose 0 = -o*g - 0*g + 333. Is g a prime number?
False
Let v(g) = -g**3 - 3*g**2 + 4*g + 4. Let c be v(-4). Suppose 0 = c*k - 8, 3*k = 5*m + 2*k - 8. Is 51/m + 5/(-10) composite?
True
Suppose m - 3*m = -1074. Is m a prime number?
False
Let b be 2 + 153 + 0/3. Suppose 0 = w - 6*w + b. Is w composite?
False
Let g = 2 - 5. Suppose 0 = 4*a + 3*z - 69 - 6, -3*a + 4*z = -50. Let i = a + g. Is i a prime number?
False
Let f(l) = l**3 - 4*l**2 + l - 1. Let n be f(4). Let z = 1 - -2. Suppose 2*w + n*k = 115, z = -4*k + 15. Is w composite?
False
Suppose 4*d - 1636 = -2*a - 74, d = a - 796. Is a a prime number?
False
Let r(a) be the first derivative of -a**3/3 + 7*a**2 + 5*a - 1. Let f = 4 - -4. Is r(f) a composite number?
False
Let o(g) = g**2 - 11*g - 9. Let q be o(12). Suppose 0 = -3*x + 4*i + 269 - 35, -q*i - 319 = -4*x. Is x composite?
True
Suppose 0 = -7*q + 25854 + 6017. Is q prime?
False
Let o(q) = 6*q - 3 - 26*q + 0. Is o(-5) prime?
True
Suppose 5*k + 2084 = 2*c, k = 5*c - 3*c - 2100. Suppose -p - 3*p = -c. Is p composite?
False
Let b(k) = 7*k**2 + k - 1. Let g(t) = t**2 + 8*t - 7. Let f be g(-9). Suppose -a - f = -0. Is b(a) a composite number?
True
Let r be (379/(-2))/(2/(-4)). Suppose 2*g - h = 138 + r, -4*g + h + 1035 = 0. Is g composite?
True
Let i(y) be the second derivative of -y**5/20 - y**4/3 + 4*y**3/3 + 7*y**2/2 + y. Let a be i(-5). Is (213/(-12))/(2/a) prime?
True
Suppose 2*p = 401 + 125. Is p a composite number?
False
Let p(y) = -10*y - 5. Let w be p(-8). Let d = w - -86. Is d a prime number?
False
Suppose 3*p = a + 750, -4*p - 2*a + 3*a + 1001 = 0. Is p prime?
True
Let c = 946 - 573. Is c composite?
False
Is (0 - 22*5)/(-2) composite?
True
Let b(h) = -27*h + 14. Is b(-5) a composite number?
False
Let r(t) = -21*t**3 - t**2 - 10*t - 7. Is r(-4) composite?
False
Suppose -5*d = -3*d - 742. Let a be 1/3 + d/3. Suppose j = -3*j + a. Is j prime?
True
Let j be 7 - (2 + 0 - -1). Let m(b) = 2*b**3 - 7*b**2 + 4*b + 3. Is m(j) composite?
True
Suppose 3*v - 493 = -3*n + 305, 0 = -4*v - 5*n + 1063. Is v a composite number?
True
Let d be (-177 - -1)/(2/(-2)). Suppose 3*o = d + 646. Is o a composite number?
True
Suppose -7*i + 1223 = 3*s - 3*i, -4*s + 4*i = -1640. Is s a composite number?
False
Suppose 2*c - 5*k = -7, -6*k + 2*k + 32 = 5*c. Suppose -76 - 72 = -c*i. Is i prime?
True
Let k = 461 + 23. Suppose 3*l - 5*y = -l + k, -4*y = -2*l + 242. Is l a prime number?
False
Let s(k) = 49*k**3 + k**2 - 7*k + 9. Is s(2) a composite number?
True
Let g(r) = r**3 + 8*r**2 - 8*r + 6. Suppose 0*d - 56 = -4*d. Suppose 49 = -5*x + d. Is g(x) a prime number?
False
Let l = -24 + -31. Let o = l + 108. Is o a prime number?
True
Suppose 0 = 6*w - w - 35. Is w a composite number?
False
Let a(z) = -5*z**3 + 8*z**2 + z + 1. Is a(-7) composite?
True
Let y = -17 + 7. Let t(m) = m**2 - m + 11. Let d be t(y). Suppose 4*k - 429 = -d. Is k a composite number?
True
Suppose -7*f + 179 = -1984. Is f prime?
False
Let b(t) be the third derivative of t**5/20 + t**4/4 - 5*t**3/6 + 2*t**2. Is b(4) a prime number?
True
Suppose -2*j = 2*j - 88. Let r be 3186/j - 2/(-11). Suppose 5*f + 4*y - r = 0, 0 = -3*f - 2*f + 2*y + 115. Is f a prime number?
False
Let r(k) = -8*k + 4. Let f be (-74)/(-14) - (-4)/(-14). Let g(l) = 9*l - 4. Let t(a) = f*g(a) + 6*r(a). Is t(-5) composite?
False
Suppose -2*a + 0*t - 2*t = 0, -4*t + 12 = 0. Let j = 6 + a. Suppose -4*q - q = 3*s - 132, j*s + 3*q - 138 = 0. Is s a composite number?
True
Let j(m) = m**2 + m + 2. Let q be j(0). Suppose g - 44 = -q*l + 59, -5*g = 3*l - 137. Is 1 - (0 + l/(-1)) a prime number?
False
Suppose -17484 = -2*t - 2*g, t + 3*g = -t + 17483. Is t prime?
False
Let t(a) = 99*a**2 - a + 1. Let i be t(2). Suppose -i = -3*x - 2*x. Is x composite?
False
Let s(g) = -g**2 - 40*g - 25. Is s(-18) a composite number?
True
Suppose 161 = 4*x - 107. Suppose 528 = 5*u - x. Is u composite?
True
Is (1/2 - 1)*-166 a prime number?
True
Suppose -4*k + k = -36. Let o be k/(-3)*(2 + -3). Suppose 46 = o*d - 102. Is d a prime number?
True
Let j = 10 + -10. Suppose -4*x + t + 372 = j, -5*x + 302 + 163 = -5*t. Is x composite?
True
Let i be 1 + (-2)/(-6)*0. Let j = i - -5. Is (-63)/j*(0 + -2) composite?
True
Let d = -1357 - -3104. Is d a prime number?
True
Let x be (2 + -5)/3 + 3. Suppose -154 = -3*m - a, 2*m - 3*a - 80 = x*a. Suppose -2*q - 5*p + 82 = 0, -m = -3*q - 4*p + 59. Is q a prime number?
True
Let x be 2 + -11*9/(-3). Suppose x = q + 2. Is q prime?
False
Let a(l) = l**3 + 6*l**2 + 3*l. Let r be a(-5). Suppose r*c = 5*c + 595. Is c prime?
False
Let t(a) = a + 2. Let n be t(-3). Let b(y) = 319*y**2 + y. Let u be b(n). Is 6/21 - u/(-14) prime?
True
Let x(h) = 12*h + 1. Let s(i) = 3*i**3 + i**2 + i - 1. Let o(p) = -7*p**3 - 2*p**2 - 2*p + 2. Let r(b) = -4*o(b) - 9*s(b). Let n be r(2). Is x(n) composite?
False
Suppose -4*a + 3*y + 429 = 0, -2*a + 338 = a + y. Is a a prime number?
False
Let p(q) = q**3 - 2*q**2 - 7*q + 3. Let b be (1 - 1) + 10 + -3. Let d be p(b). Suppose -d = -5*k + 126. Is k prime?
False
Suppose 2*y - 810 = -y - 2*n, n = 5*y - 1350. Let m = 141 - y. Let p = m + 206. Is p a prime number?
False
Let w(p) = p**3 + 10*p**2 + 8*p - 5. Let k = 1 + -8. Is w(k) composite?
True
Let z be 0/(-2*2/(-4)). Let o be z/4*(-1 - -2). Is 57/(1 - -2) + o composite?
False
Let w(g) = -11*g**2 - g - 1. Let d be w(3). Let t = -56 - d. Is t a prime number?
True
Let u(n) = -31*n**3 + 2*n**2 - 4*n - 7. Is u(-2) composite?
False
Let u be -4 + (3/1 - -4). Suppose u*y - 2231 = -4*l, 7 = -2*l + 5. Is y prime?
False
Let d = -4908 + 10229. Is d composite?
True
Suppose 48 = 2*c - 110. Is c composite?
False
Suppose 3*g - 15 = 0, -3*g = -0*x + 4*x - 231. Suppose -39 - x = -3*v. Is v prime?
True
Suppose -3*b + 2*b - 36 = 0. Let s = b - -12. Let d = 11 - s. Is d prime?
False
Let x(c) = 100*c - 1. Is x(8) a prime number?
False
Suppose -6*g + 3*g = 0. Suppose g = -2*y + 8 + 2. Let u(j) = -j**2 + 10*j - 6. Is u(y) prime?
True
Suppose -3*d = -b - 4*b - 4, -3*d - 3*b = -36. Suppose -d*q = -3*q - 115. Is q a prime number?
True
Let g(p) = 3*p**2 + 3*p - 4. Let r be g(-6). Let u(w) = w - 2. Let y be u(3). Is (-2)/y*r/(-4) a composite number?
False
Let s = -14 + 44. Suppose -4*v - 8 = -8*v. Suppose v*i = 8 + s. Is i prime?
True
Let b = -944 - -524. Let a = b + 1209. Is (4/(-6))/((-2)/a) a prime number?
True
Suppose 1137 = -z + 4*z. Is z a prime number?
True
Let w(h) = h**3 - 4*h**2 - 9*h + 5. Is w(6) a composit